site number?
True
Let x(a) = 34*a**2 - a - 9. Let y be (-38)/(-4) - (3 + (-30)/20). Is x(y) a prime number?
False
Suppose -15*r + 16*r - 4*x - 1537 = 0, -x = -1. Is r a composite number?
True
Let x(o) = -1979*o + 942. Is x(-1) a composite number?
True
Let g(a) = -3*a**3 - 34*a**2 - 20*a + 17. Let b(f) = -2*f**2 + 15*f - 10. Let o be b(8). Is g(o) composite?
False
Let k(t) = t**3 + 2*t + 1. Let o be k(0). Is 248319/81 + (4/3)/o prime?
True
Suppose -7*k - 1836 = -5*k + 5*u, 4617 = -5*k + u. Let s = k + 1932. Is s a prime number?
True
Is 12/2*520510/20 composite?
True
Suppose 9*c + 4 - 22 = 0. Suppose 4*r - 260 = -5*t, -5*t + c*r + 3*r + 260 = 0. Is t*1/(8/26) a prime number?
False
Let p(t) = -t**3 - 21*t**2 - 28*t - 52. Let j be p(-10). Let o = j + 4261. Is o composite?
False
Let s = -7493 - -41335. Is s prime?
False
Let l be 10/(-30) - (-67)/3. Let q(j) = 43*j - 149. Is q(l) prime?
True
Is ((-9)/6)/(4*(-30)/7481840) a prime number?
True
Let l(x) be the first derivative of -23*x**4/2 + x**3/3 - x**2 - 4*x + 8. Let k be ((18/5)/3)/(6/(-15)). Is l(k) a prime number?
False
Is (-36)/(-162) + (-4203942)/(-54) composite?
True
Let h = 63 - 60. Suppose b = -3 - 1, -m + h*b + 4 = 0. Is (-1893)/(-6)*m/(-4) a composite number?
False
Let r(l) = 2*l. Let m(f) = -7 - 8 + 3 - 3 + 9*f. Let g(d) = -m(d) + 5*r(d). Is g(-9) a composite number?
True
Is (-187316)/(-8) + 50/20 a prime number?
True
Let g(z) = z**3 - 8*z**2 + 8*z - 2. Let x be g(7). Suppose x*m = -39 + 49. Suppose -4*b + 6013 = 5*i - 11096, 0 = -3*i + m*b + 10261. Is i a prime number?
False
Let b = 4521 + -1608. Let q(d) = d**3 + 2*d**2 - 1. Let a be q(-1). Suppose o - 4*o + b = a. Is o a composite number?
False
Let p(j) = 35*j - 60. Let z be p(9). Suppose 0 = 2*o - 1417 + z. Is o composite?
True
Suppose 0*k - 250 = -5*d + 2*k, -5*d = -3*k - 245. Suppose 0 = 3*v - g - 1366, d = 3*v - 4*g - 1299. Is v prime?
True
Let c(r) = -55 + 126*r + 12 + 30 - 414*r. Is c(-3) prime?
False
Let z(t) = 484*t - 3. Let p(r) = -r**2 - 5*r + 2. Let c(l) = l + 1. Let o(x) = -5*c(x) - p(x). Let i be o(-3). Is z(i) prime?
False
Suppose 18 = -3*h - 6*h. Let n be ((0/1)/h)/2. Suppose -5*q + q + 2828 = n. Is q prime?
False
Suppose -107*f - 8123571 = -188*f. Is f a prime number?
True
Suppose -2*s = -8*v + 7*v + 255225, 5*v + 5*s = 1276200. Is v a prime number?
False
Suppose -2*a + 2*t = -11314, 10*a - 9*a = -3*t + 5673. Let q = a - 4024. Is q prime?
True
Let x(n) = n**3 - 4*n**2 + 2*n + 9. Let c be x(4). Let v = 16 - c. Is 57 - 4/(5 - (2 - v)) a composite number?
True
Let a = -9113 + 14552. Suppose 3197 = 4*q - a. Is q prime?
False
Is -33 + 32 + (3 - -36605) prime?
True
Suppose -3*a + 9*b + 94 = 4*b, -10 = 5*b. Suppose -a*u + 44 = -17*u. Suppose 2*z = -u*q + 2993 + 405, 2562 = 3*q - 3*z. Is q a prime number?
False
Let l(r) be the third derivative of -r**4/24 + 29*r**3/6 - 36*r**2. Let i be l(-4). Let v = i - -648. Is v a prime number?
False
Let t(k) = 7*k**2 - 106*k - 27. Suppose 9*s = 6*s, -4*l = -5*s - 104. Is t(l) a prime number?
True
Let y(i) be the first derivative of 301/4*i**4 - 5/2*i**2 + 5*i + 25 + 2/3*i**3. Is y(2) prime?
True
Suppose n + 4*m + 291 - 1437 = 0, 4*m = -2*n + 2272. Suppose -5*l = -324 - n. Suppose 3 = -3*q, -5*v + 2*q = -3*q - l. Is v a prime number?
False
Is (30 - -16309) + (-3 - 3) a composite number?
False
Is -4*1*(22 - (-5084379)/(-36)) a composite number?
True
Let t = 55 + -41. Suppose t*l = 12*l + 8. Suppose -2*b - l*y + 9478 = -3*y, b + 4*y = 4753. Is b a composite number?
True
Let g be -4 - (-4 - (0 - -4)). Suppose 0 = -g*a + 3*a + 288. Suppose -4*r + a = -204. Is r a prime number?
False
Let h = 2665 - 757. Suppose -7*a - h = -11*a. Suppose -97 + 6 = -n - 3*z, 0 = -5*n - 4*z + a. Is n a prime number?
True
Suppose -4*h - 1 = -q, 0 = -h - 3*q + 7*q + 11. Is (-17)/34*(0 - h)*-1418 a prime number?
True
Suppose 131 = 27*g - 58. Suppose -g*c = -7806 - 11885. Is c a prime number?
False
Let y = 247762 + -145403. Is y a prime number?
True
Suppose -892786 = -18*o - 266800. Is o a composite number?
True
Suppose 14*q + 171 = 23*q. Suppose 23*t = q*t + 3068. Is t prime?
False
Is -3 - ((-309)/(-21) + -14 - 10460325/21) composite?
True
Let y be (-4)/22 - (470/(-47) + 54358/22). Let n(z) = 1100*z. Let a be n(-1). Let d = a - y. Is d composite?
False
Let r(g) = 22*g + 1. Suppose 18*o = -2*j + 16*o + 14, -2*j + 35 = -5*o. Is r(j) composite?
True
Suppose -10 = 10*b - 15*b. Suppose -2*k + b*o = o, 5*k - 3 = 4*o. Is ((-1128)/(-10) - 2) + k/(-5) prime?
False
Let a(d) = -103686*d + 25. Let l be a(-5). Suppose -v + 36*v - l = 0. Is v a prime number?
True
Let v(b) = -10*b - 7. Let n = 21 - 14. Let h = n + -18. Is v(h) prime?
True
Let l = 6231 - -1222. Is l a prime number?
False
Suppose 2*j = 5*v + 418216, v - 195528 = 5*j - 1241137. Is j a composite number?
False
Let o(l) = -l**2 - 3*l + 16. Let k(z) = z + 1. Let b(c) = 3*k(c) + o(c). Let v be b(-4). Suppose 2*w - 4183 = -3*n, 4*n + 6312 = v*w + n. Is w a prime number?
True
Let m(z) = -142*z + 6. Let d be m(-5). Let u be (21/7)/((-1)/(-1)). Suppose u*p = d + 55. Is p prime?
True
Let a = 23089 + -7655. Is a composite?
True
Let o be (((-222)/(-4))/3)/(36/(-1152)). Let p = 1079 + o. Is p a prime number?
True
Is (-33 + (-1)/1)*393630/(-60) a prime number?
False
Let f be ((-10)/(-4) - (18 - 16))*10. Suppose -4538 = -14*w + 11*w + f*i, -w + 5*i + 1516 = 0. Is w a composite number?
False
Suppose -16*i = 5*i + 21. Let p(n) = -9944*n + 25. Is p(i) a composite number?
True
Suppose 5*o + 146*a - 299485 = 143*a, 3*a - 239588 = -4*o. Is o composite?
True
Suppose -3*t + 4 = 2*s, -3*t + 3*s - 13 = 8. Suppose -368 - 194 = 2*r. Is r*t/(6/9) a composite number?
True
Let s be 12 - (-2 - (0 - 6 - -1)). Is 4770/4 - s/(-18) a prime number?
True
Suppose 24 + 15 = 3*r. Suppose r*i - 14*i + 4 = 0. Suppose 44 = i*d - 40. Is d prime?
False
Suppose 14619 = -18*y - 35277. Is 0/(-2) + -5 - y a composite number?
False
Suppose 0*o = -4*q + 4*o + 5192, 4*o + 3892 = 3*q. Suppose -s - 4*a + q = 331, -s + 961 = 2*a. Is s prime?
True
Is (13 + -2559294)*2/(-38) prime?
True
Is 6827007/462 - (-1)/(-14) a prime number?
False
Let o(b) = 10*b + 22. Let s be o(-8). Let h = s - -63. Suppose -h*u + 2*u = -5*g + 58, 54 = 5*g - 4*u. Is g a prime number?
False
Suppose -n + 3*n = -5*r + 15, -3*r = -n - 20. Let l be 3 - 20/r - 3. Is (419/(-2))/(2/l) a prime number?
True
Let x be (1 - 0)/(-2*1/(-4)). Suppose -7*g + x*g = -20. Suppose -3*i - f = -2659, g*f - 238 + 1133 = i. Is i prime?
True
Suppose 3*n = -x + 10868 + 39135, -2*n + 8 = 0. Is x a composite number?
False
Let l be 0*32/48*3/4. Let c be (l - 4) + 8 + 0 - -3. Suppose c*m + 520 = o + 6*m, 4*m + 1038 = 2*o. Is o a composite number?
False
Is 722796/9 + 24/18 + (0 - 3) a prime number?
True
Let j(x) = -814*x**3 + 14*x**2 + 15*x + 125. Is j(-6) prime?
False
Let k(n) = 376*n**2 - 141*n + 2601. Is k(20) composite?
True
Suppose 10*s + 10428 = 65558. Is s prime?
False
Let v(q) be the first derivative of -9*q**2 + 7*q**3 - 26*q - 1/4*q**4 - 5. Is v(18) prime?
False
Let l = -185468 + 511209. Is l a composite number?
True
Suppose -2*k = -3*k + i + 21403, 0 = -4*k - 5*i + 85612. Let f(c) = 64*c - 683. Let x be f(11). Suppose k = x*w - 4*w. Is w a composite number?
False
Is ((-45380717)/(-5272))/(1*(-1)/(-8)) prime?
True
Let x(w) = -164*w**3 + 10*w**2 - 9*w + 24. Let y be x(-10). Suppose 19*s = s + y. Is s prime?
True
Let l = -68855 + 142473. Is l prime?
False
Let v be -5 + 10 + 1 + -1. Suppose -v*j = h - 6801, -8*h = 2*j - 6*h - 2714. Is j composite?
False
Suppose 3*d - 252739 = -p, 19*d - 14*d - p - 421237 = 0. Is d composite?
False
Let l = 1679 + -747. Suppose -4*d - 288 = -l. Let t = 342 - d. Is t composite?
False
Let y(z) = 3668*z - 173. Is y(12) a composite number?
True
Let a = 18 - 18. Suppose 974 = -3*c + 26. Is a - (-5)/((-20)/c) a prime number?
True
Let u = 1234618 - 700715. Is u composite?
True
Suppose 3*i - 2*w + 7 = 96, 0 = -w + 5. Let k = i + -28. Suppose -k*s - x + 2*x + 1315 = 0, 2*s - 5*x - 526 = 0. Is s a composite number?
False
Let h be (-18)/(-12) + 14465/10. Suppose 8076 - h = 4*q. Is q a prime number?
True
Let p be 4 + -2 + -2 + 3. Suppose 0 = p*h - 4*s - 31, 3*h - 3*s - 19 = -2*s. Is 1 + -1 + 1535/h prime?
True
Let x = -18320 - -37309. Is x prime?
Fal